{"version":"1.0","provider_name":"President Jos\u00e9 Montilla","provider_url":"https:\/\/presidentjosemontilla.cat\/es\/","author_name":"Oficina de Jos\u00e9 Montilla","author_url":"https:\/\/presidentjosemontilla.cat\/es\/author\/oficina-jose-montilla\/","title":"\u201cClar i Catal\u00e0\u201d, nuevo libro de Jos\u00e9 Montilla - President Jos\u00e9 Montilla","type":"rich","width":600,"height":338,"html":"<blockquote class=\"wp-embedded-content\" data-secret=\"QMFmnaJSyF\"><a href=\"https:\/\/presidentjosemontilla.cat\/es\/clar-i-catala-nuevo-libro-de-jose-montilla\/\">\u201cClar i Catal\u00e0\u201d, nuevo libro de Jos\u00e9 Montilla<\/a><\/blockquote><iframe sandbox=\"allow-scripts\" security=\"restricted\" src=\"https:\/\/presidentjosemontilla.cat\/es\/clar-i-catala-nuevo-libro-de-jose-montilla\/embed\/#?secret=QMFmnaJSyF\" width=\"600\" height=\"338\" title=\"\u00ab\u201cClar i Catal\u00e0\u201d, nuevo libro de Jos\u00e9 Montilla\u00bb \u2014 President Jos\u00e9 Montilla\" data-secret=\"QMFmnaJSyF\" frameborder=\"0\" marginwidth=\"0\" marginheight=\"0\" scrolling=\"no\" class=\"wp-embedded-content\"><\/iframe><script type=\"text\/javascript\">\n\/* <![CDATA[ *\/\n\/*! This file is auto-generated *\/\n!function(d,l){\"use strict\";l.querySelector&&d.addEventListener&&\"undefined\"!=typeof URL&&(d.wp=d.wp||{},d.wp.receiveEmbedMessage||(d.wp.receiveEmbedMessage=function(e){var t=e.data;if((t||t.secret||t.message||t.value)&&!\/[^a-zA-Z0-9]\/.test(t.secret)){for(var s,r,n,a=l.querySelectorAll('iframe[data-secret=\"'+t.secret+'\"]'),o=l.querySelectorAll('blockquote[data-secret=\"'+t.secret+'\"]'),c=new RegExp(\"^https?:$\",\"i\"),i=0;i<o.length;i++)o[i].style.display=\"none\";for(i=0;i<a.length;i++)s=a[i],e.source===s.contentWindow&&(s.removeAttribute(\"style\"),\"height\"===t.message?(1e3<(r=parseInt(t.value,10))?r=1e3:~~r<200&&(r=200),s.height=r):\"link\"===t.message&&(r=new URL(s.getAttribute(\"src\")),n=new URL(t.value),c.test(n.protocol))&&n.host===r.host&&l.activeElement===s&&(d.top.location.href=t.value))}},d.addEventListener(\"message\",d.wp.receiveEmbedMessage,!1),l.addEventListener(\"DOMContentLoaded\",function(){for(var e,t,s=l.querySelectorAll(\"iframe.wp-embedded-content\"),r=0;r<s.length;r++)(t=(e=s[r]).getAttribute(\"data-secret\"))||(t=Math.random().toString(36).substring(2,12),e.src+=\"#?secret=\"+t,e.setAttribute(\"data-secret\",t)),e.contentWindow.postMessage({message:\"ready\",secret:t},\"*\")},!1)))}(window,document);\n\/\/# sourceURL=https:\/\/presidentjosemontilla.cat\/wp-includes\/js\/wp-embed.min.js\n\/* ]]> *\/\n<\/script>\n","description":"El president Montilla, en colaboraci\u00f3n con el periodista Rafael Jorba, reflexiona en este libro sobre su per\u00edodo de gobierno en la Generalitat. El libro ha sido editado por la editorial RBA. La presentaci\u00f3n tendr\u00e1 lugar el pr\u00f3ximo mi\u00e9rcoles 13 de&hellip;","thumbnail_url":"http:\/\/presidentjosemontilla.cat\/wp-content\/uploads\/2015\/10\/MHP_DESPATX-2-260x171.jpg"}

President José Montilla

Oficina de José Montilla

“Clar i Català”, nuevo libro de José Montilla - President José Montilla

<blockquote class="wp-embedded-content" data-secret="QMFmnaJSyF"><a href="https://presidentjosemontilla.cat/es/clar-i-catala-nuevo-libro-de-jose-montilla/">“Clar i Català”, nuevo libro de José Montilla</a></blockquote><iframe sandbox="allow-scripts" security="restricted" src="https://presidentjosemontilla.cat/es/clar-i-catala-nuevo-libro-de-jose-montilla/embed/#?secret=QMFmnaJSyF" width="600" height="338" title="«“Clar i Català”, nuevo libro de José Montilla» — President José Montilla" data-secret="QMFmnaJSyF" frameborder="0" marginwidth="0" marginheight="0" scrolling="no" class="wp-embedded-content"></iframe><script type="text/javascript">
/* <![CDATA[ */
/*! This file is auto-generated */
!function(d,l){"use strict";l.querySelector&&d.addEventListener&&"undefined"!=typeof URL&&(d.wp=d.wp||{},d.wp.receiveEmbedMessage||(d.wp.receiveEmbedMessage=function(e){var t=e.data;if((t||t.secret||t.message||t.value)&&!/[^a-zA-Z0-9]/.test(t.secret)){for(var s,r,n,a=l.querySelectorAll('iframe[data-secret="'+t.secret+'"]'),o=l.querySelectorAll('blockquote[data-secret="'+t.secret+'"]'),c=new RegExp("^https?:$","i"),i=0;i<o.length;i++)o[i].style.display="none";for(i=0;i<a.length;i++)s=a[i],e.source===s.contentWindow&&(s.removeAttribute("style"),"height"===t.message?(1e3<(r=parseInt(t.value,10))?r=1e3:~~r<200&&(r=200),s.height=r):"link"===t.message&&(r=new URL(s.getAttribute("src")),n=new URL(t.value),c.test(n.protocol))&&n.host===r.host&&l.activeElement===s&&(d.top.location.href=t.value))}},d.addEventListener("message",d.wp.receiveEmbedMessage,!1),l.addEventListener("DOMContentLoaded",function(){for(var e,t,s=l.querySelectorAll("iframe.wp-embedded-content"),r=0;r<s.length;r++)(t=(e=s[r]).getAttribute("data-secret"))||(t=Math.random().toString(36).substring(2,12),e.src+="#?secret="+t,e.setAttribute("data-secret",t)),e.contentWindow.postMessage({message:"ready",secret:t},"*")},!1)))}(window,document);
//# sourceURL=https://presidentjosemontilla.cat/wp-includes/js/wp-embed.min.js
/* ]]> */
</script>

El president Montilla, en colaboración con el periodista Rafael Jorba, reflexiona en este libro sobre su período de gobierno en la Generalitat. El libro ha sido editado por la editorial RBA. La presentación tendrá lugar el próximo miércoles 13 de&hellip;
